 common factor of 19307 and 215.
43
What is the highest common divisor of 428982 and 228?
114
What is the highest common divisor of 110328 and 120?
24
What is the greatest common divisor of 587640 and 96?
24
Calculate the greatest common divisor of 81978 and 30.
6
What is the greatest common divisor of 3751 and 1550?
31
Calculate the highest common factor of 57827 and 1155.
77
Calculate the highest common factor of 1001 and 61919.
143
What is the greatest common factor of 14480 and 8720?
80
Calculate the highest common factor of 9505 and 160.
5
Calculate the greatest common factor of 280274 and 172.
86
Calculate the highest common divisor of 2268 and 219.
3
What is the highest common factor of 45520 and 15?
5
What is the highest common factor of 925 and 4325?
25
Calculate the highest common factor of 806 and 3348.
62
What is the highest common divisor of 395780 and 2156?
308
What is the highest common factor of 534 and 462711?
267
What is the highest common divisor of 3456330 and 30?
30
Calculate the highest common factor of 32151 and 84.
21
Calculate the highest common factor of 362800 and 2200.
200
Calculate the highest common factor of 378 and 53046.
126
What is the greatest common factor of 32086 and 3156?
526
What is the greatest common factor of 1649 and 20366?
17
What is the greatest common divisor of 4550 and 5200?
650
What is the greatest common factor of 768 and 8376?
24
What is the greatest common divisor of 295057 and 2562?
427
What is the highest common divisor of 3363 and 222371?
59
Calculate the highest common divisor of 7 and 34531.
7
What is the greatest common factor of 102942 and 30186?
774
What is the greatest common factor of 9 and 1197027?
9
What is the greatest common factor of 3340656 and 594?
594
Calculate the highest common divisor of 63859 and 19.
19
Calculate the highest common divisor of 4 and 1385204.
4
What is the highest common factor of 1768731 and 119?
17
What is the greatest common factor of 403 and 766289?
31
Calculate the highest common factor of 96564 and 117.
39
Calculate the highest common factor of 220 and 27800.
20
Calculate the highest common factor of 105 and 89425.
35
Calculate the greatest common divisor of 1075 and 1428890.
215
What is the greatest common divisor of 702 and 3372?
6
What is the greatest common factor of 115 and 9269?
23
What is the highest common factor of 3537 and 2148138?
1179
What is the greatest common factor of 4617189 and 54?
27
What is the highest common divisor of 409895 and 365?
365
What is the highest common factor of 428399 and 177?
59
What is the highest common factor of 15 and 320205?
15
What is the highest common divisor of 741694 and 718?
718
What is the highest common divisor of 29 and 134821?
29
What is the highest common divisor of 11766 and 12210?
222
Calculate the greatest common factor of 239706 and 44712.
1242
Calculate the greatest common factor of 14310133 and 223.
223
What is the highest common divisor of 62628 and 816?
204
What is the greatest common factor of 12616 and 5976?
664
What is the greatest common divisor of 39596 and 201106?
1042
Calculate the greatest common factor of 621044 and 68.
68
Calculate the greatest common factor of 300 and 100600.
100
What is the greatest common factor of 10 and 787210?
10
What is the greatest common factor of 240 and 227820?
60
Calculate the highest common divisor of 837 and 302901.
93
What is the greatest common divisor of 127068 and 1464?
12
Calculate the highest common factor of 6 and 35034.
6
What is the greatest common factor of 304 and 86184?
152
Calculate the highest common factor of 64506 and 780.
78
Calculate the highest common divisor of 6308 and 36.
4
Calculate the greatest common factor of 4 and 1014436.
4
Calculate the greatest common divisor of 308 and 6094.
22
Calculate the highest common factor of 65688 and 1057.
7
What is the greatest common divisor of 12615 and 21750?
435
What is the highest common factor of 55056 and 246864?
1776
Calculate the greatest common divisor of 1846 and 3328.
26
Calculate the highest common factor of 29 and 2494.
29
What is the greatest common divisor of 172449 and 729?
81
Calculate the highest common divisor of 42294 and 18354.
798
Calculate the greatest common factor of 177710 and 170.
10
What is the highest common divisor of 134 and 1108649?
67
Calculate the highest common factor of 1150 and 4475.
25
Calculate the greatest common divisor of 543795 and 105.
105
Calculate the greatest common factor of 28896 and 34608.
336
What is the greatest common factor of 56 and 896?
56
Calculate the greatest common factor of 127161 and 1917.
639
What is the greatest common factor of 255 and 6030?
15
Calculate the greatest common factor of 216 and 108828.
36
What is the highest common divisor of 297 and 9141?
33
Calculate the highest common factor of 332 and 33947.
83
Calculate the greatest common divisor of 16 and 12424.
8
What is the highest common divisor of 20 and 32750?
10
What is the highest common factor of 393588 and 3276?
468
What is the greatest common divisor of 672 and 205107?
21
What is the greatest common divisor of 6360 and 960?
120
Calculate the highest common factor of 13890 and 390.
30
Calculate the highest common factor of 417285 and 28215.
1485
Calculate the highest common factor of 62550 and 2224.
278
What is the greatest common divisor of 119908 and 155?
31
Calculate the highest common divisor of 543572 and 4.
4
What is the greatest common factor of 33648 and 336?
48
What is the greatest common factor of 36 and 5553564?
12
Calculate the highest common divisor of 3560 and 225.
5
Calculate the greatest common factor of 522357 and 242.
121
Calculate the highest common divisor of 11531 and 117.
13
What is the greatest common factor of 45 and 648?
9
Calculate the greatest common divisor of 162 and 23202.
18
Calculate the greatest common factor of 845 and 8619.
169
Calculate the highest common divisor of 184 and 72036.
92
Calculate the greatest common divisor of 1688 and 2016.
8
What is the highest common divisor of 504 and 21448?
56
Calculate the greatest common divisor of 112 and 7432432.
112
What is the highest common divisor of 2244 and 2856?
204
What is the highest common factor of 1569 and 20812785?
1569
Calculate the highest common divisor of 305 and 360.
5
Calculate the highest common factor of 37 and 23717.
37
What is the highest common divisor of 290 and 77285?
145
What is the highest common divisor of 3 and 4463?
1
Calculate the highest common divisor of 3120 and 2320.
80
Calculate the highest common divisor of 2973 and 18.
3
Calculate the highest common divisor of 76 and 975156.
76
Calculate the highest common divisor of 22201 and 1341.
149
What is the highest common factor of 26977092 and 12?
12
What is the greatest common factor of 1515825 and 1575?
225
What is the greatest common divisor of 29923 and 69?
23
Calculate the greatest common factor of 267 and 4806.
267
What is the greatest common divisor of 1320 and 91720?
40
Calculate the greatest common factor of 82815 and 120.
15
Calculate the greatest common factor of 287446 and 202.
202
What is the greatest common factor of 28120 and 30?
10
Calculate the greatest common factor of 3635496 and 648.
216
Calculate the greatest common factor of 3640 and 15340.
260
What is the greatest common factor of 15580 and 14535?
95
What is the highest common factor of 30 and 1153940?
10
Calculate the highest common factor of 14 and 864514.
14
Calculate the greatest common divisor of 87 and 599.
1
Calculate the highest common divisor of 774295 and 3565.
115
What is the highest common divisor of 4512 and 141?
141
Calculate the highest common divisor of 165 and 51285.
15
What is the greatest common factor of 8245 and 1250?
5
Calculate the highest common divisor of 4557 and 1466703.
651
What is the greatest common divisor of 6360 and 22440?
120
What is the greatest common factor of 117 and 93509?
13
What is the greatest common factor of 29893 and 1611?
179
What is the greatest common factor of 8 and 232164?
4
What is the greatest common divisor of 733319 and 653?
653
What is the highest common factor of 118066 and 19?
19
What is the highest common factor of 698843 and 470?
47
What is the highest common factor of 4329 a